8*g + 24. Let y(a) = a**3 + 3*a**2 + 3*a + 3. Give y(g).
1
Let d = 408 - 407. Let t(m) = 2*m + 19 - 9 + 8*m**2 - 11. Calculate t(d).
9
Let z be 130/(-4)*(-136)/170. Suppose z = -n + 26. Let f(s) be the third derivative of s**6/120 + s**5/60 + s**3/2 + s**2. Determine f(n).
3
Let o = -4 + 7. Let u be -3 - 10/2*-1. Let j(k) = -1 + 0*k**2 + 0 + 0 + k**u - 2*k. What is j(o)?
2
Let z(l) = -59*l - 69*l - l**2 + 125*l + 0*l**2 - 4*l**2 - l**3. Calculate z(-2).
-6
Let y(i) = 2*i + 7. Let l(k) = -k**3 + 7*k**2 - 7*k + 3. Let r be l(6). Calculate y(r).
1
Let q(z) = -7*z**3 - 8*z**2 + 12*z - 13. Let y(u) = 3*u**3 + 4*u**2 - 6*u + 6. Let n(m) = -2*q(m) - 5*y(m). Let h be 1*(1 + -5 + -1). What is n(h)?
-9
Let m(w) = 132*w - 127*w - 2 + 5. Let i be m(0). Let u(z) = -z - 8. Let v(p) = 2*p + 9. Let q(b) = 5*u(b) + 4*v(b). Calculate q(i).
5
Let r(b) be the first derivative of -2*b**2 - 4*b - 296. Give r(-7).
24
Let c(v) = -v**3 - 7*v**2 + 6*v - 2. Let r be (-12)/(-1)*(-2 - 16/(-12)). Give c(r).
14
Let c(o) = o + 6. Suppose 5*u - 2*u = 0. Let k be c(u). Suppose 0 = -l + k*l + 15. Let y(g) = 2*g + 2. Calculate y(l).
-4
Let x = -5 + 7. Suppose x*o = 1 + 3. Let i(h) = -7 + 3 - o - h. Give i(-5).
-1
Let y(v) = -6*v - 12*v + 269*v**2 - 93*v**2 - 86*v**2 - 89*v**2 + 33. Determine y(15).
-12
Let x(n) = -5 + 2*n - n - 2*n. Let d(w) = w**3 + 19*w**2 + 3*w + 57. Let z be d(-19). Give x(z).
-5
Let k(u) be the first derivative of u**4/4 + u**3 - 3*u**2 + u + 564. Calculate k(-4).
9
Suppose -4*k - 14 = g, -2*k = -5*g - 0 - 26. Let y(x) = 2*x + 1. Let d(w) = 3*w + 1. Let p(i) = 3*d(i) - 5*y(i). Calculate p(g).
4
Let p(t) = -21*t - 15. Let y(n) = -4*n - 1. Let m(k) = -2*p(k) + 14*y(k). Determine m(2).
-12
Let u(h) = -h**3 - 6*h**2 - 4*h. Suppose -7*f + 5 = -9. Suppose 8 + f = -2*p. Give u(p).
-5
Let p = -26 - -32. Let y(g) = -17*g + p*g - 2 + 0*g + 7*g. Calculate y(-3).
10
Let l(r) = -r**3 + 6*r**2 + r - 6. Suppose 0*v - 70 = 2*v. Let n be ((-24)/14)/(10/v). Calculate l(n).
0
Let z(u) = -7*u**2 + 11*u - 5. Let g(f) = -5*f + 0*f**2 + 0*f**2 + 3 + f**2 + 2*f**2. Let o(s) = -9*g(s) - 4*z(s). Let m be -3 + 6/(2/1). Determine o(m).
-7
Let x(b) = 6*b + 4 + 0*b**2 + 4 - b**2 + 0. Determine x(7).
1
Let r(v) = 5*v - 1. Let i = -40 - -76. Let o = -52 + i. Let k be 1*-2*(-8)/o. What is r(k)?
-6
Let o(c) be the second derivative of -c**4/12 - 2*c**3/3 + 3*c. Suppose -7*y + 5*y - 98 = 0. Let u = y + 44. Give o(u).
-5
Let k(n) = n**3 - 5*n**2 - 7*n + 2. Let p(v) = -7 - 4 - 3*v - 13. Let a be p(-10). Give k(a).
-4
Let m(h) = 6*h**3 + 9*h**2 - h. Let d(l) be the third derivative of l**6/120 + l**5/60 + l**3/6 - 9*l**2. Let o(g) = -5*d(g) + m(g). What is o(-4)?
-1
Suppose 5*q = 5 - 25. Let w(c) = c**2 + 5*c + 5. Let d be w(q). Let v(f) = 10*f - 18*f + 0 + d - 2. Give v(-1).
7
Let b(w) = 7*w + 302. Let s be b(-44). Let x(t) = 4*t**3 + 6*t**2 - t - 8. Let d(u) = 5*u**3 + 6*u**2 - u - 8. Let l(a) = 3*d(a) - 4*x(a). What is l(s)?
2
Let g = 495 - 501. Let f(t) = -t**2 - t - 2. Determine f(g).
-32
Let f(z) = z + 3 - 3*z + z. Suppose -6 = -3*t + 6. Suppose 18 = t*q + 2. Give f(q).
-1
Suppose 4*q = -2*s - 168, -2*s - 80 = -2*q + 4*q. Let h = -43 - q. Let c(r) = 2*r**2 - 3*r + 2. What is c(h)?
1
Let d be (16/4)/(-4) - -3. Suppose d*l = c - 2, 5 = l + 2*c + 1. Let a(z) = z. Determine a(l).
0
Let d(s) = 2*s**2 + 2*s - 3. Suppose 4*h - 4 = 3*w + 19, 0 = -3*h - 5*w - 19. What is d(h)?
9
Let i(f) = -f**2 + 4*f - 6. Let m(w) = -w**2 + 4*w - 6. Suppose 5*s - 13 = -3. Let t be (0 + s/(-4))*10. Let u(q) = t*m(q) + 6*i(q). Give u(4).
-6
Let y(n) be the first derivative of n**3/3 - 3*n**2 + 4*n - 28. Let c = -1 + 7. Calculate y(c).
4
Let r(d) = 11*d + 2. Let k(v) = -9*v - 1. Let t(u) = 5*k(u) + 4*r(u). What is t(-4)?
7
Suppose l + 3*p - 10 = -3*l, -4*p = l - 9. Let i be (-104)/(-10) - l - 15/(-25). Let y(x) = -x**3 + 9*x**2 + 11*x - 5. Determine y(i).
5
Let u be ((-4)/22)/((-4)/44). Let k(c) be the first derivative of -7*c + 5 + 1/2*c**u. What is k(6)?
-1
Suppose 0 = 3*h - 13*m + 18*m + 29, -5*h + 4*m + 1 = 0. Let z(f) be the first derivative of -f**4/4 - 4*f**3/3 + f**2/2 + 3*f + 1. Determine z(h).
-9
Let h(g) = 2*g**2 - 28*g - 9. Let v be h(21). Let q(l) = 0*l**2 + 280*l + l**2 - v*l + 2. Give q(5).
2
Let n(b) = b - 2. Let j(d) = -d + 1. Let l(x) = -6*j(x) - 5*n(x). Suppose 0 = 4*h - 19 + 3. Suppose 0 = -h*o + y + 23, 2*y = y - 3. Give l(o).
9
Let j(n) = -2*n - 16 - 10 - 6. Let b be j(-14). Let z(y) = -y + y - 2*y - 4. Give z(b).
4
Let i(n) = n**2 + 5*n - 4. Let m(r) = r**2 + 5*r - 5. Let y(h) = -4*i(h) + 3*m(h). Let g be 4 + -2 - 0/(-2). Let w = -8 + g. Determine y(w).
-5
Let z(t) = -t**3 + 5*t**2 - 5*t + 4. Let v(a) = a + 4. Let k(p) = 8*p + 1. Let o be k(-4). Let d = 31 + o. Let j be v(d). Calculate z(j).
0
Let f be (-19 - -17)/(4/(-242)*-1). Let o = f + 116. Let d(y) = 2*y**2 + 6*y - 10. Let k(r) = r**2 + 3*r - 5. Let a(j) = 6*d(j) - 13*k(j). Calculate a(o).
-5
Let s(h) = -57*h + 21. Let r(n) = -31*n + 11. Let o(f) = -11*r(f) + 6*s(f). Calculate o(-5).
10
Let p be ((-1)/2)/((-36)/(-72)). Let y(b) = 11*b + 13. Calculate y(p).
2
Let f(g) = 21*g + 19. Let o(v) = -11*v - 1. Let w(z) = -f(z) - 2*o(z). Determine w(14).
-3
Let c(t) = t**2 - 12*t + 15. Suppose 66 = 5*p - 2*f + 26, -5*f = -5*p + 25. Determine c(p).
-5
Suppose -3*m - 87 = -5*f, -f + 5*m + 5 = -2*f. Let t(b) = b**2 - 16*b - 7. Give t(f).
-22
Let l(a) = 3*a**2 - a - 7*a**3 + 0*a**3 + 6 - 7. Let u be l(1). Let d(z) = z**2 + 4*z - 8. What is d(u)?
4
Let p(j) = j + 9. Suppose -l - 2*l = -l. What is p(l)?
9
Let q(a) = 4*a + 53. Let r be q(-10). Let t be (-156)/10 - (-8)/(-20). Let s = t + r. Let x(y) = y**2 + 3*y + 4. Determine x(s).
4
Let d(g) = 1 - 2*g**2 + 4 + g**2 - 3*g. Let o(z) = -3*z - 4. Let f be o(-2). Suppose -f*s + 5 = -3*s. Calculate d(s).
-5
Let u(t) = -t**2 - 4*t - 5. Let d(k) = -k**2 - 5*k - 3. Let n be d(-4). Let o = 15 - n. Suppose -8*b + l - o = -4*b, 24 = -5*b - 2*l. Determine u(b).
-5
Let u(h) = -h**3 - 9*h**2 - h + 55. Let x be u(-8). Let f(k) = 18*k**2 + k + 1. Give f(x).
18
Let j(v) = -44*v - 42*v + 83*v - 2. Let o be j(0). Let m(p) = -p**3 + 2*p**2 + 2*p - 1. Calculate m(o).
11
Let a(r) = -2*r - 11. Suppose 18 = 3*y + 3*y. Suppose 25 = -y*s + 10, -2*i - s - 21 = 0. What is a(i)?
5
Let i(k) = 8*k**2 + 9 + k**3 + 2*k - 9*k**2 - 4*k**2. What is i(5)?
19
Let q(u) be the second derivative of u**5/20 - u**4/2 - 2*u**2 - 11*u. Let o = 12 - 3. Let h = o + -3. What is q(h)?
-4
Let g be (27/6)/((-21)/(-14)) - 6. Let z(y) = -y**2 - 4*y - 4. Determine z(g).
-1
Let s be (-266)/(-54) + 14/189. Let a(z) = -5*z + 3. Give a(s).
-22
Suppose -88 = 25*l - 363. Let w(t) = t**3 - 10*t**2 - 11*t - 4. Give w(l).
-4
Let o(a) = -3*a - 4. Let q(s) = 4*s + 3. Let f(h) = 4*o(h) + 5*q(h). Let v(t) = -t**2 + 10*t - 23. Let u be v(4). What is f(u)?
7
Let p(i) = 1. Let j(f) = 3*f - 1. Let x(b) = -j(b) - 3*p(b). Let q(r) = -r - 1. Let c(y) = -5*q(y) + 2*x(y). Give c(10).
-9
Let r be (-8)/44 - 2*5/(-55). Let s(a) be the third derivative of -4/3*a**3 - 3/8*a**4 + r + 0*a + 2*a**2 - 1/60*a**5. Give s(-6).
10
Let o(l) = -31*l - 27*l + 78*l - 2 - 21*l. Let q = 4 + -3. Let i = 4 + q. Give o(i).
-7
Let l(f) = -f**3 + 10*f**2 + 10*f + 9. Let a(c) = -c**3 - 2*c**2 + 6*c + 3. Let g(t) = -t**3 + 20*t**2 - t + 16. Let u be g(20). Let i be a(u). Give l(i).
-2
Let c(y) be the third derivative of y**4/24 - y**3/3 + 5*y**2 + 2*y. What is c(-8)?
-10
Let r(v) = v**3 + v**2 - 4*v. Let t be (-369)/72 - -5 - 92/32. Give r(t).
-6
Suppose 3*x - x = -6. Let i(m) = -2*m**2 + 0*m**2 - 3*m**2 + 4*m + 6*m**2 + 10*m**3. Let b(y) = 9*y**3 + y**2 + 3*y. Let c(t) = x*i(t) + 4*b(t). What is c(-1)?
-5
Let q(i) be the first derivative of -i**4/4 - 2*i**3 - 3*i**2 - 5*i - 202. What is q(-5)?
0
Let y(a) = a + 4. Suppose 3*r + 0*r = 0, 2*o + r = 90. Let p = o + -54. Give y(p).
-5
Let j(g) = -g - 7. Let b = -31 + 21. Let i be j(b). Let h(z) = -2*z + 10*z**2 - 11*z**2 + i + z. Calculate h(-3).
-3
Let v(t) = t + 4*t - 1 + 5*t**2 + 69*t**3 + 67*t**3 - 137*t**3. Let f(d) = 1 + 2*d + 2*d**2 - d**2 + 2*d. Let g be f(-5). Determine v(g).
-7
Let u(c) = -10*c**3 - 46*c**2 - 17*c + 31. Let r(a) = 3*a**3 + 15*a**2 + 5*a - 11. Let h(p) = -7*r(p) - 2*u(p). What is h(-13)?
28
Let o(u) = -u**2 - 8*u - 2. Let b = 